54?
14
What is the greatest common factor of 1700 and 500140?
340
What is the highest common factor of 15831 and 99?
9
What is the greatest common factor of 7 and 3828083?
7
Calculate the highest common factor of 18685 and 4662.
37
Calculate the highest common divisor of 204 and 276.
12
Calculate the highest common divisor of 7245 and 305865.
315
Calculate the highest common factor of 41 and 2692470.
41
What is the greatest common divisor of 96855 and 165?
165
Calculate the greatest common factor of 2180 and 149875.
545
Calculate the highest common divisor of 7328 and 61601.
229
Calculate the greatest common divisor of 144 and 16578.
18
Calculate the highest common factor of 516 and 2832.
12
What is the greatest common factor of 56 and 515368?
56
Calculate the highest common divisor of 1392 and 522.
174
What is the greatest common divisor of 314919 and 66?
33
What is the greatest common divisor of 5 and 1157440?
5
Calculate the greatest common factor of 13872 and 228.
12
What is the highest common divisor of 171699 and 1290?
129
Calculate the highest common divisor of 5267 and 8.
1
Calculate the highest common factor of 841 and 7221.
29
Calculate the highest common divisor of 1023 and 107074.
341
Calculate the greatest common factor of 37 and 1751543.
37
What is the highest common factor of 20 and 232396?
4
Calculate the greatest common factor of 1443 and 12.
3
What is the highest common factor of 40767 and 5778?
321
What is the greatest common factor of 112536 and 8?
8
Calculate the highest common factor of 3210 and 55320.
30
What is the highest common factor of 67 and 218219?
67
What is the greatest common factor of 6446934 and 12?
6
What is the highest common factor of 447 and 504663?
447
Calculate the highest common factor of 3136 and 441.
49
What is the greatest common divisor of 5 and 384875?
5
What is the highest common factor of 725088 and 240?
48
Calculate the highest common factor of 1615 and 7505.
95
Calculate the greatest common factor of 223924 and 1887.
629
What is the highest common divisor of 275 and 1104350?
25
What is the greatest common divisor of 108 and 32454?
54
What is the highest common factor of 513 and 92448?
27
Calculate the highest common factor of 150480 and 3936.
48
What is the highest common divisor of 792990 and 12870?
990
What is the greatest common factor of 4439 and 8299?
193
Calculate the highest common factor of 210 and 186585.
105
What is the highest common factor of 56 and 3990728?
56
Calculate the highest common divisor of 10406 and 344.
86
What is the greatest common divisor of 7155 and 8268?
159
Calculate the greatest common factor of 201 and 141.
3
Calculate the greatest common divisor of 54821 and 13.
13
What is the highest common factor of 34 and 95455?
17
Calculate the highest common divisor of 5972950 and 850.
850
Calculate the greatest common divisor of 176 and 55088.
176
Calculate the greatest common divisor of 31176 and 864.
72
What is the greatest common divisor of 105840 and 119?
7
What is the highest common divisor of 1626 and 16531?
271
What is the highest common divisor of 478 and 4302?
478
Calculate the highest common factor of 1494934 and 14.
14
Calculate the greatest common divisor of 253545 and 30.
15
What is the greatest common divisor of 247184 and 112?
112
Calculate the greatest common divisor of 5913 and 3139.
73
Calculate the greatest common factor of 368 and 163852.
92
Calculate the highest common factor of 11152 and 16048.
272
Calculate the greatest common factor of 32333 and 4768.
149
Calculate the highest common divisor of 4771 and 4810.
13
What is the highest common factor of 78834 and 4704?
42
What is the highest common factor of 174575 and 25?
25
Calculate the greatest common divisor of 129 and 4950.
3
Calculate the greatest common factor of 22456 and 3276.
28
Calculate the greatest common divisor of 117546 and 1794.
78
Calculate the greatest common factor of 12198 and 147018.
642
What is the greatest common divisor of 2415 and 791?
7
What is the highest common divisor of 895258 and 1638?
182
What is the highest common factor of 2496063 and 9?
3
What is the highest common divisor of 5053023 and 162?
81
What is the greatest common divisor of 47 and 1563?
1
Calculate the greatest common divisor of 365 and 19330.
5
Calculate the greatest common factor of 7410 and 15808.
494
Calculate the greatest common factor of 564 and 2052.
12
Calculate the greatest common divisor of 931738 and 206.
206
Calculate the greatest common divisor of 180649 and 131.
131
Calculate the highest common divisor of 18802 and 1190.
238
What is the highest common factor of 71686 and 292?
146
Calculate the greatest common factor of 2352 and 704424.
1176
What is the greatest common divisor of 31017 and 17689?
49
Calculate the highest common factor of 524 and 476.
4
What is the highest common divisor of 17 and 38641?
17
What is the greatest common factor of 89551 and 7777?
77
What is the highest common divisor of 8729 and 870?
29
What is the highest common divisor of 623 and 525?
7
Calculate the highest common factor of 242 and 1639913.
121
What is the highest common factor of 3806810 and 34?
34
What is the highest common factor of 52 and 9191?
13
What is the greatest common divisor of 230 and 935640?
230
What is the greatest common divisor of 15424 and 482?
482
Calculate the greatest common divisor of 7028 and 728.
28
Calculate the greatest common divisor of 72381 and 6.
3
What is the highest common divisor of 1425673 and 262?
131
What is the highest common divisor of 224 and 139136?
32
What is the highest common factor of 491121 and 4137?
591
Calculate the greatest common divisor of 1644609 and 3516.
879
Calculate the highest common divisor of 291789 and 135.
27
Calculate the greatest common factor of 445919 and 2725.
109
What is the highest common divisor of 35955 and 47?
47
What is the greatest common factor of 360 and 1770840?
360
Calculate the highest common divisor of 32301 and 45687.
291
Calculate the greatest common divisor of 1404 and 162240.
156
What is the greatest common factor of 58624 and 411284?
916
What is the highest common divisor of 5280 and 840?
120
What is the greatest common factor of 8 and 264224?
8
Calculate the greatest common divisor of 402 and 2994.
6
Calculate the greatest common divisor of 5839120 and 560.
560
What is the greatest common factor of 80868 and 108?
12
What is the greatest common divisor of 527362 and 44?
22
What is the greatest common divisor of 364 and 13572?
52
What is the greatest common factor of 1108240 and 490?
70
What is the greatest common factor of 1352 and 157846?
338
What is the greatest common factor of 1204 and 1589?
7
What is the highest common divisor of 2040 and 199440?
120
What is the greatest common divisor of 182052 and 27?
9
What is the highest common factor of 177520 and 1680?
560
What is the greatest common factor of 522738 and 127215?
2313
Calculate the greatest common factor of 7344 and 1564.
68
What is the greatest common divisor of 4163 and 391?
23
What is the greatest common factor of 4208 and 142?
2
Calculate the highest common factor of 5451636 and 24.
12
Calculate the greatest common divisor of 1130920 and 1568.
392
What is the greatest common factor of 39 and 338?
13
What is the highest common factor of 66744 and 9072?
648
Calculate the highest common factor of 300 and 3825.
75
What is the highest common divisor of 1059570 and 3660?
1830
Calculate the highest common factor of 37497 and 231447.
1293
Calculate the greatest common divisor of 2085945 and 9428.
2357
What is the highest common divisor of 10595 and 260?
65
Calculate the greatest common factor of 58 and 59914.
58
Calculate the highest common divisor of 1820820 and 30.
30
What is the greatest common divisor of 1300 and 468?
52
Calculate the greatest common divisor of 14 and 358218.
14
Calculate the highest common factor of 294 and 348950.
14
Calculate the highest common divisor of 4617 and 18126.
171
Calculate the greatest common factor of 8718 and 564.
6
What is the greatest common divisor of 138202 and 86?
86
What is the greatest common factor of 273980 and 13390?
1030
What is the greatest common divisor of 7763812 and 28?
28
What is the greatest common factor of 2171 a